{"id":260,"date":"2022-05-13T21:59:44","date_gmt":"2022-05-13T19:59:44","guid":{"rendered":"https:\/\/randfigure.ch\/?page_id=260"},"modified":"2022-05-19T07:50:43","modified_gmt":"2022-05-19T05:50:43","slug":"fruende","status":"publish","type":"page","link":"https:\/\/randfigure.ch\/index.php\/fruende\/","title":{"rendered":"Fr\u00fcnde."},"content":{"rendered":"\n<p>S&#8217;L\u00e4be isch e gmeinsami Reis und kei Konkurrenzkampf. Danke, dass es euch git, Fr\u00fcnde. <\/p>\n\n\n\n<h2 class=\"wp-block-heading\">Local Bastards.<\/h2>\n\n\n\n<div class=\"wp-block-media-text alignwide is-stacked-on-mobile\"><figure class=\"wp-block-media-text__media\"><a href=\"https:\/\/www.instagram.com\/localbastards_official\/\"><img loading=\"lazy\" decoding=\"async\" width=\"594\" height=\"519\" src=\"https:\/\/randfigure.ch\/wp-content\/uploads\/2022\/05\/logo_full-2.png\" alt=\"\" class=\"wp-image-311 size-full\" srcset=\"https:\/\/randfigure.ch\/wp-content\/uploads\/2022\/05\/logo_full-2.png 594w, https:\/\/randfigure.ch\/wp-content\/uploads\/2022\/05\/logo_full-2-300x262.png 300w\" sizes=\"auto, (max-width: 594px) 100vw, 594px\" \/><\/a><\/figure><div class=\"wp-block-media-text__content\">\n<p>Local Bastards repr\u00e4sentiert kompromisslosi Reb\u00e4lle, entwirft Kleider f\u00fcr die \u00fcbliche Verd\u00e4chtige und l\u00e4bt ihre Lifestyle mit H\u00e4rzbluet.<\/p>\n\n\n\n<p>Authentisch, fr\u00e4ch und gnadelos dir\u00e4kt.<\/p>\n<\/div><\/div>\n\n\n\n<h2 class=\"wp-block-heading\">Shorgon.<\/h2>\n\n\n\n<div class=\"wp-block-media-text alignwide is-stacked-on-mobile\"><figure class=\"wp-block-media-text__media\"><a href=\"https:\/\/shorgon.mycommerce.shop\/\"><img loading=\"lazy\" decoding=\"async\" width=\"902\" height=\"1024\" src=\"https:\/\/randfigure.ch\/wp-content\/uploads\/2022\/05\/Shorgon-2-902x1024.png\" alt=\"\" class=\"wp-image-361 size-full\" srcset=\"https:\/\/randfigure.ch\/wp-content\/uploads\/2022\/05\/Shorgon-2-902x1024.png 902w, https:\/\/randfigure.ch\/wp-content\/uploads\/2022\/05\/Shorgon-2-264x300.png 264w, https:\/\/randfigure.ch\/wp-content\/uploads\/2022\/05\/Shorgon-2-768x872.png 768w, https:\/\/randfigure.ch\/wp-content\/uploads\/2022\/05\/Shorgon-2-1353x1536.png 1353w, https:\/\/randfigure.ch\/wp-content\/uploads\/2022\/05\/Shorgon-2-600x681.png 600w, https:\/\/randfigure.ch\/wp-content\/uploads\/2022\/05\/Shorgon-2-945x1072.png 945w, https:\/\/randfigure.ch\/wp-content\/uploads\/2022\/05\/Shorgon-2.png 1772w\" sizes=\"auto, (max-width: 902px) 100vw, 902px\" \/><\/a><\/figure><div class=\"wp-block-media-text__content\">\n<p class=\"has-regular-font-size\">Heilstei si nit nur puri nat\u00fcrlichi Sch\u00f6nheit vo dr Muetter Erde, sondern wirke au bis tief in unser Inneres. Sie begleite uns bis h\u00fct als Ketti, im Hosesagg, uf em Nachttisch, bi Meditatione und als Altarkristall. Mehr Infos zu mim Schaffe findisch du uf mim Web-Shop.<\/p>\n\n\n\n<p><\/p>\n<\/div><\/div>\n\n\n\n<p><\/p>\n","protected":false},"excerpt":{"rendered":"<p>S&#8217;L\u00e4be isch e gmeinsami Reis und kei Konkurrenzkampf. Danke, dass es euch git, Fr\u00fcnde. Local Bastards. Local Bastards repr\u00e4sentiert kompromisslosi Reb\u00e4lle, entwirft Kleider f\u00fcr die \u00fcbliche Verd\u00e4chtige und l\u00e4bt ihre Lifestyle mit H\u00e4rzbluet. Authentisch, fr\u00e4ch und gnadelos dir\u00e4kt. Shorgon. Heilstei&#8230; <a class=\"more-link\" href=\"https:\/\/randfigure.ch\/index.php\/fruende\/\">Weiterlesen &rarr;<\/a><\/p>\n","protected":false},"author":1,"featured_media":0,"parent":0,"menu_order":0,"comment_status":"closed","ping_status":"closed","template":"","meta":{"footnotes":""},"class_list":["post-260","page","type-page","status-publish","hentry"],"_links":{"self":[{"href":"https:\/\/randfigure.ch\/index.php\/wp-json\/wp\/v2\/pages\/260","targetHints":{"allow":["GET"]}}],"collection":[{"href":"https:\/\/randfigure.ch\/index.php\/wp-json\/wp\/v2\/pages"}],"about":[{"href":"https:\/\/randfigure.ch\/index.php\/wp-json\/wp\/v2\/types\/page"}],"author":[{"embeddable":true,"href":"https:\/\/randfigure.ch\/index.php\/wp-json\/wp\/v2\/users\/1"}],"replies":[{"embeddable":true,"href":"https:\/\/randfigure.ch\/index.php\/wp-json\/wp\/v2\/comments?post=260"}],"version-history":[{"count":13,"href":"https:\/\/randfigure.ch\/index.php\/wp-json\/wp\/v2\/pages\/260\/revisions"}],"predecessor-version":[{"id":362,"href":"https:\/\/randfigure.ch\/index.php\/wp-json\/wp\/v2\/pages\/260\/revisions\/362"}],"wp:attachment":[{"href":"https:\/\/randfigure.ch\/index.php\/wp-json\/wp\/v2\/media?parent=260"}],"curies":[{"name":"wp","href":"https:\/\/api.w.org\/{rel}","templated":true}]}}